 28184331 and 1575?
21
What is the highest common factor of 23283 and 56199?
39
Calculate the greatest common factor of 10404 and 606456.
36
Calculate the greatest common divisor of 155 and 906805.
5
Calculate the highest common factor of 2007843 and 358.
179
What is the highest common factor of 31832 and 256904?
8
What is the highest common divisor of 748506 and 35937?
363
Calculate the highest common factor of 39059 and 58797.
139
Calculate the greatest common divisor of 40468171 and 4707.
523
What is the greatest common divisor of 990 and 6248484?
198
What is the greatest common factor of 11993099 and 7?
1
Calculate the greatest common divisor of 82874419 and 1996.
499
Calculate the greatest common divisor of 320758718 and 9534.
3178
What is the highest common divisor of 47410400 and 30?
10
What is the greatest common factor of 33534 and 36294?
138
What is the highest common divisor of 164025 and 1039?
1
Calculate the greatest common divisor of 9 and 231983361.
9
Calculate the greatest common factor of 82612 and 1682.
2
What is the greatest common factor of 756674 and 5367953?
1583
Calculate the greatest common divisor of 11678650 and 30916.
262
Calculate the greatest common factor of 68140 and 469940.
20
Calculate the highest common factor of 1764888 and 456.
24
Calculate the highest common factor of 5568 and 110509024.
928
What is the greatest common divisor of 69 and 334502409?
69
Calculate the greatest common divisor of 494 and 2683148.
26
What is the highest common factor of 3946358 and 26?
26
What is the highest common factor of 19344 and 5221671?
1209
Calculate the highest common divisor of 4716 and 876783.
393
Calculate the greatest common factor of 108 and 12540663.
27
What is the highest common factor of 274 and 48970924?
274
What is the highest common divisor of 7469263 and 60883?
569
What is the highest common divisor of 9252 and 176868?
36
What is the greatest common factor of 510 and 7329255?
15
Calculate the greatest common factor of 4164 and 683910628.
1388
What is the highest common divisor of 12970984 and 936?
104
What is the greatest common divisor of 25263576 and 216?
216
Calculate the greatest common factor of 6 and 21292244.
2
Calculate the highest common divisor of 9614367 and 2142.
1071
Calculate the highest common factor of 16972171 and 17.
17
What is the greatest common factor of 3125 and 639500?
125
What is the highest common divisor of 272 and 2311024?
16
Calculate the greatest common divisor of 742 and 1945328854.
742
What is the highest common divisor of 20182893 and 1734?
867
Calculate the greatest common factor of 1409010 and 4245.
15
What is the highest common divisor of 129 and 2854813?
43
Calculate the highest common divisor of 22472 and 4598333.
2809
What is the highest common factor of 39109 and 1209789?
259
What is the greatest common factor of 1409356113 and 33?
33
What is the greatest common divisor of 3568 and 297087736?
1784
What is the highest common factor of 170 and 39556654?
34
Calculate the greatest common factor of 1040 and 319605.
65
Calculate the greatest common factor of 2058 and 12593931.
1029
Calculate the highest common divisor of 12180428 and 1300.
52
What is the greatest common factor of 4928664 and 104520?
312
Calculate the greatest common factor of 2193 and 459.
51
Calculate the highest common divisor of 702 and 63166974.
78
What is the highest common divisor of 10278 and 4250524?
1142
What is the greatest common factor of 1616 and 12394619?
101
Calculate the highest common divisor of 153 and 242929728.
153
Calculate the greatest common divisor of 540 and 47484330.
30
What is the highest common factor of 136 and 14085180?
68
Calculate the greatest common divisor of 106787645 and 15.
5
What is the highest common divisor of 26286 and 1124471270?
8762
Calculate the highest common divisor of 10071240 and 534.
534
Calculate the highest common factor of 888020 and 819.
7
What is the greatest common factor of 2772554 and 626?
626
What is the highest common factor of 432 and 2001936?
48
Calculate the greatest common divisor of 1269 and 36895.
47
What is the greatest common factor of 465 and 344460?
15
What is the greatest common factor of 1245794 and 4114?
374
What is the highest common divisor of 2413 and 150157?
19
Calculate the highest common factor of 503 and 53016703.
503
Calculate the greatest common factor of 102512639 and 278.
139
Calculate the greatest common divisor of 180389963 and 3068.
767
Calculate the highest common factor of 14026560 and 304.
304
What is the greatest common divisor of 1029 and 10272066?
147
Calculate the highest common factor of 330484 and 350871.
1073
What is the greatest common divisor of 176 and 290017706?
22
What is the highest common factor of 1649634 and 2604?
1302
What is the greatest common factor of 1479 and 10364339?
493
What is the highest common divisor of 18410 and 1088303468?
3682
What is the greatest common factor of 603996 and 4260?
12
What is the highest common divisor of 283536 and 13806?
18
Calculate the greatest common divisor of 20022312 and 12192.
3048
What is the highest common divisor of 148448 and 18368?
32
What is the highest common divisor of 466494 and 5568?
174
Calculate the highest common divisor of 19774314 and 9450.
378
What is the highest common factor of 2611 and 28189?
7
What is the greatest common factor of 350975 and 10425?
3475
Calculate the greatest common divisor of 7323329 and 1299.
433
Calculate the greatest common factor of 530 and 2571930.
10
What is the highest common factor of 13648 and 2386066192?
13648
What is the greatest common divisor of 14400 and 126212400?
3600
Calculate the greatest common divisor of 9 and 1951667.
1
Calculate the greatest common factor of 51365118 and 7084.
322
What is the highest common divisor of 247 and 54812017?
247
Calculate the greatest common factor of 755 and 78726719.
151
What is the highest common factor of 75852 and 1452?
12
What is the greatest common factor of 53417 and 25831?
13
Calculate the greatest common divisor of 125998478 and 12774.
4258
Calculate the greatest common factor of 28 and 170198.
14
What is the highest common factor of 17531 and 42958?
47
What is the greatest common divisor of 11283705 and 1406?
37
Calculate the highest common divisor of 14 and 20329225.
7
What is the highest common factor of 12 and 43750458?
6
What is the highest common divisor of 662406 and 348492?
678
What is the greatest common divisor of 234 and 623506?
26
What is the highest common divisor of 1428 and 2616828?
12
Calculate the greatest common factor of 595 and 669545.
85
Calculate the greatest common divisor of 297391029 and 1209.
1209
Calculate the highest common factor of 148 and 21993799.
37
Calculate the greatest common divisor of 7320606 and 60342.
534
What is the greatest common divisor of 16904 and 6064?
8
What is the greatest common factor of 1166 and 7792961?
583
What is the highest common divisor of 4514 and 48800?
122
What is the highest common factor of 555121017 and 99?
99
Calculate the highest common divisor of 89586 and 6153.
21
What is the greatest common divisor of 4136 and 195943?
517
What is the highest common factor of 28 and 2891987?
7
Calculate the highest common factor of 34853715 and 2340.
585
Calculate the greatest common factor of 9135 and 120078.
63
Calculate the highest common factor of 534 and 88176483.
267
What is the highest common divisor of 79580275 and 175?
25
Calculate the highest common divisor of 1462 and 342312.
34
What is the greatest common factor of 5936288 and 70688?
1504
What is the greatest common factor of 1432390 and 860?
10
Calculate the highest common factor of 13422608 and 16.
16
What is the greatest common factor of 2429 and 6459752?
347
Calculate the highest common factor of 12 and 1397244.
12
Calculate the greatest common factor of 12 and 2654796.
12
Calculate the greatest common factor of 75 and 28343325.
75
What is the greatest common divisor of 10716 and 1110798?
282
What is the highest common factor of 293 and 724589?
293
What is the highest common factor of 6 and 72376604?
2
Calculate the highest common factor of 46058078 and 1474.
1474
Calculate the greatest common divisor of 5601930 and 339387.
4089
What is the greatest 